{"id":1251,"date":"2023-02-02T08:17:18","date_gmt":"2023-02-02T07:17:18","guid":{"rendered":"http:\/\/demos.famethemes.com\/onepress\/?page_id=4"},"modified":"2025-07-29T17:29:17","modified_gmt":"2025-07-29T15:29:17","slug":"micro-soudures-carte-mere-electronique-a-toulouse","status":"publish","type":"page","link":"https:\/\/www.soudures.fr\/","title":{"rendered":"Micro soudures sur carte m\u00e8re \u00e9lectronique \u00e0 Toulouse"},"content":{"rendered":"<h1>R\u00e9paration des composants de carte \u00e9lectronique<\/h1>\n<p>La micro soudures consiste \u00e0 intervenir sur les composants d&rsquo;une carte m\u00e8re.<br \/>La carte m\u00e8re est le <strong>c\u0153ur du syst\u00e8me \u00e9lectronique<\/strong>, permettant aux composants de fonctionner en harmonie.<br \/>Nous intervenons sur <a href=\"https:\/\/www.soudures.fr\/index.php\/composants-electroniques\/\">diff\u00e9rents composants de circuits imprim\u00e9s<\/a> pour remplacer ou ressouder les connecteurs d\u00e9faillants.<br \/>C&rsquo;est une op\u00e9ration tr\u00e8s d\u00e9licate qui demande un certain mat\u00e9riel tr\u00e8s technique et une expertise des circuits imprim\u00e9s.<br \/><a href=\"https:\/\/www.soudures.fr\/#contact\">Ici \u00e0 Toulouse, nos experts exercent depuis 2003<\/a>, la r\u00e9paration informatique, le remplacement de pi\u00e8ces d\u00e9tach\u00e9es sur smartphones et tablettes. La micro soudure entre dans leur domaine de comp\u00e9tence.<\/p>\n<p><img loading=\"lazy\" decoding=\"async\" class=\"alignnone size-medium wp-image-1346\" src=\"http:\/\/www.soudures.fr\/wp-content\/uploads\/2016\/02\/micro-soudure-bga-connecteur-batterie-iphone-toulouse-1-300x199.jpg\" alt=\"micro soudures\" width=\"300\" height=\"199\" \/><\/p>\n<p>Par exemples : Les interventions pris en charge sont principalement les soudures sur cartes m\u00e8res de t\u00e9l\u00e9phones portables et tablettes. Par cons\u00e9quent, nous pouvons fournir des r\u00e9parations optimales sur carte m\u00e8re (connecteur \u00e9cras\u00e9, prise dessoud\u00e9e&#8230;).<\/p>\n<h2>Un de vos appareils \u00e9lectroniques ne fonctionne plus, pensez \u00e0 la r\u00e9paration par\u00a0micro soudures.<\/h2>\n<p>Nous travaillons, par exemples : sur les t\u00e9l\u00e9commandes, celle de votre portail \u00e9lectrique, de m\u00eame pour votre cl\u00e9 de voiture, mais aussi sur les cartes \u00e9lectroniques de portail &#8230; d\u00e9fectueuses,\u00a0 nos experts pourront prendre en charge votre mat\u00e9riel (d\u00e9mont\u00e9) pour effectuer la ou les<a href=\"https:\/\/www.soudures.fr\/index.php\/micro-soudures\/\"> soudures de composants \u00e9lectroniques d\u00e9fectueux<\/a> afin de vous permettre de retrouver un fonctionnement optimal. .<\/p>\n<p>Service ouvert aux particuliers ou aux professionnels.<\/p>\n<p><em>IMPORTANT : Compte tenu de la diversit\u00e9 des appareils sur lesquels nous sommes amen\u00e9s \u00e0 intervenir, nous ne proposons pas de recherche de panne.<br \/>Vous devez avoir d\u00e9termin\u00e9 la cause du probl\u00e8me.<\/em><\/p>\n<p>Notre adresse : 174 rue des Fontaines \u00e0 Toulouse (France).<\/p>\n<p>iCox, ouvert du lundi au vendredi de 13h00 \u00e0 18h00 et le samedi de 9h00 \u00e0 12h00.<\/p>\n<p>M\u00e9tro : Station Patte d&rsquo;Oie, 800 m<br \/>Tramway : Station Cartoucherie, 300 m<br \/>Bus Tisseo : N\u00b0 66<br \/>Rocade : Sortie Purpan (N\u00b01 ou 29)<\/p>\n<p>De plus, notre entreprise vous propose \u00e9galement des r\u00e9parations de t\u00e9l\u00e9phones et tablettes ainsi que la vente de pi\u00e8ces d\u00e9tach\u00e9es iPhone, iPad, Galaxy, Tab, Note, Huawei&#8230;<\/p>\n<p><strong>Rendez-vous donc sur nos sites de pi\u00e8ces d\u00e9tach\u00e9es et de r\u00e9parations :<\/strong><\/p>\n<p>Particuliers <a href=\"http:\/\/www.icox.fr\/\">icox.fr<\/a><\/p>\n<p>Professionnels <a href=\"http:\/\/cpix.fr\/store\/\">cPix.fr<\/a><\/p>\n\n<style id=\"wpforms-css-vars-root\">\n\t\t\t\t:root {\n\t\t\t\t\t--wpforms-field-border-radius: 3px;\n--wpforms-field-background-color: #ffffff;\n--wpforms-field-border-color: rgba( 0, 0, 0, 0.25 );\n--wpforms-field-text-color: rgba( 0, 0, 0, 0.7 );\n--wpforms-label-color: rgba( 0, 0, 0, 0.85 );\n--wpforms-label-sublabel-color: rgba( 0, 0, 0, 0.55 );\n--wpforms-label-error-color: #d63637;\n--wpforms-button-border-radius: 3px;\n--wpforms-button-background-color: #066aab;\n--wpforms-button-text-color: #ffffff;\n--wpforms-page-break-color: #066aab;\n--wpforms-field-size-input-height: 43px;\n--wpforms-field-size-input-spacing: 15px;\n--wpforms-field-size-font-size: 16px;\n--wpforms-field-size-line-height: 19px;\n--wpforms-field-size-padding-h: 14px;\n--wpforms-field-size-checkbox-size: 16px;\n--wpforms-field-size-sublabel-spacing: 5px;\n--wpforms-field-size-icon-size: 1;\n--wpforms-label-size-font-size: 16px;\n--wpforms-label-size-line-height: 19px;\n--wpforms-label-size-sublabel-font-size: 14px;\n--wpforms-label-size-sublabel-line-height: 17px;\n--wpforms-button-size-font-size: 17px;\n--wpforms-button-size-height: 41px;\n--wpforms-button-size-padding-h: 15px;\n--wpforms-button-size-margin-top: 10px;\n\n\t\t\t\t}\n\t\t\t<\/style><style id=\"wpforms-css-vars-1713-block-227bda8f-d47c-451b-a4b1-7e9464c40d9a\">\n\t\t\t\t#wpforms-1713.wpforms-block-227bda8f-d47c-451b-a4b1-7e9464c40d9a {\n\t\t\t\t\t--wpforms-field-size-input-height: 31px;\n--wpforms-field-size-input-spacing: 10px;\n--wpforms-field-size-font-size: 14px;\n--wpforms-field-size-line-height: 17px;\n--wpforms-field-size-padding-h: 9px;\n--wpforms-field-size-checkbox-size: 14px;\n--wpforms-field-size-sublabel-spacing: 5px;\n--wpforms-field-size-icon-size: 0.75;\n--wpforms-label-size-font-size: 14px;\n--wpforms-label-size-line-height: 17px;\n--wpforms-label-size-sublabel-font-size: 13px;\n--wpforms-label-size-sublabel-line-height: 16px;\n--wpforms-button-size-font-size: 14px;\n--wpforms-button-size-height: 37px;\n--wpforms-button-size-padding-h: 15px;\n--wpforms-button-size-margin-top: 5px;\n\n\t\t\t\t}\n\t\t\t<\/style><div class=\"wpforms-container wpforms-container-full wpforms-block wpforms-block-227bda8f-d47c-451b-a4b1-7e9464c40d9a wpforms-render-modern\" id=\"wpforms-1713\"><form id=\"wpforms-form-1713\" class=\"wpforms-validate wpforms-form wpforms-ajax-form\" data-formid=\"1713\" method=\"post\" enctype=\"multipart\/form-data\" action=\"\/index.php\/wp-json\/wp\/v2\/pages\/1251\" data-token=\"6f8737680b4ff15a29208e9898ed738d\"><div class=\"wpforms-head-container\"><div class=\"wpforms-title\">Saisissez votre demande<\/div><\/div><noscript class=\"wpforms-error-noscript\">Veuillez activer JavaScript dans votre navigateur pour remplir ce formulaire.<\/noscript><div class=\"wpforms-hidden\" id=\"wpforms-error-noscript\">Veuillez activer JavaScript dans votre navigateur pour remplir ce formulaire.<\/div><div class=\"wpforms-field-container\"><div id=\"wpforms-1713-field_0-container\" class=\"wpforms-field wpforms-field-name\" data-field-id=\"0\"><fieldset><legend class=\"wpforms-field-label\">Nom <span class=\"wpforms-required-label\" aria-hidden=\"true\">*<\/span><\/legend><div class=\"wpforms-field-row wpforms-field-medium\"><div class=\"wpforms-field-row-block wpforms-first wpforms-one-half\"><input type=\"text\" id=\"wpforms-1713-field_0\" class=\"wpforms-field-name-first wpforms-field-required\" name=\"wpforms[fields][0][first]\" aria-errormessage=\"wpforms-1713-field_0-error\" required><label for=\"wpforms-1713-field_0\" class=\"wpforms-field-sublabel after \">Pr\u00e9nom<\/label><\/div><div class=\"wpforms-field-row-block wpforms-one-half\"><input type=\"text\" id=\"wpforms-1713-field_0-last\" class=\"wpforms-field-name-last wpforms-field-required\" name=\"wpforms[fields][0][last]\" aria-errormessage=\"wpforms-1713-field_0-last-error\" required><label for=\"wpforms-1713-field_0-last\" class=\"wpforms-field-sublabel after \">Nom<\/label><\/div><\/div><\/fieldset><\/div><div id=\"wpforms-1713-field_1-container\" class=\"wpforms-field wpforms-field-email\" data-field-id=\"1\"><label class=\"wpforms-field-label\" for=\"wpforms-1713-field_1\">E-mail <span class=\"wpforms-required-label\" aria-hidden=\"true\">*<\/span><\/label><input type=\"email\" id=\"wpforms-1713-field_1\" class=\"wpforms-field-medium wpforms-field-required\" name=\"wpforms[fields][1]\" spellcheck=\"false\" aria-errormessage=\"wpforms-1713-field_1-error\" required><\/div><div id=\"wpforms-1713-field_2-container\" class=\"wpforms-field wpforms-field-textarea\" data-field-id=\"2\"><label class=\"wpforms-field-label\" for=\"wpforms-1713-field_2\">Saisissez votre demande de r\u00e9paration<\/label><textarea id=\"wpforms-1713-field_2\" class=\"wpforms-field-medium\" name=\"wpforms[fields][2]\" aria-errormessage=\"wpforms-1713-field_2-error\" ><\/textarea><\/div><\/div><!-- .wpforms-field-container --><div class=\"wpforms-recaptcha-container wpforms-is-recaptcha wpforms-is-recaptcha-type-v3\" ><input type=\"hidden\" name=\"wpforms[recaptcha]\" value=\"\"><\/div><div class=\"wpforms-submit-container\" ><input type=\"hidden\" name=\"wpforms[id]\" value=\"1713\"><input type=\"hidden\" name=\"wpforms[author]\" value=\"1\"><button type=\"submit\" name=\"wpforms[submit]\" id=\"wpforms-submit-1713\" class=\"wpforms-submit\" data-alt-text=\"Envoi...\" data-submit-text=\"Envoyer\" aria-live=\"assertive\" value=\"wpforms-submit\">Envoyer<\/button><img loading=\"lazy\" decoding=\"async\" src=\"https:\/\/www.soudures.fr\/wp-content\/plugins\/wpforms-lite\/assets\/images\/submit-spin.svg\" class=\"wpforms-submit-spinner\" style=\"display: none;\" width=\"26\" height=\"26\" alt=\"Chargement en cours\"><\/div><\/form><\/div>  <!-- .wpforms-container -->","protected":false},"excerpt":{"rendered":"<p>R\u00e9paration des composants de carte \u00e9lectronique La micro soudures consiste \u00e0 intervenir sur les composants d&rsquo;une carte m\u00e8re.La carte m\u00e8re est le c\u0153ur du syst\u00e8me \u00e9lectronique, permettant aux composants de &#8230;<\/p>\n","protected":false},"author":1,"featured_media":0,"parent":0,"menu_order":0,"comment_status":"closed","ping_status":"closed","template":"template-frontpage.php","meta":{"_monsterinsights_skip_tracking":false,"_monsterinsights_sitenote_active":false,"_monsterinsights_sitenote_note":"","_monsterinsights_sitenote_category":0,"footnotes":""},"_links":{"self":[{"href":"https:\/\/www.soudures.fr\/index.php\/wp-json\/wp\/v2\/pages\/1251"}],"collection":[{"href":"https:\/\/www.soudures.fr\/index.php\/wp-json\/wp\/v2\/pages"}],"about":[{"href":"https:\/\/www.soudures.fr\/index.php\/wp-json\/wp\/v2\/types\/page"}],"author":[{"embeddable":true,"href":"https:\/\/www.soudures.fr\/index.php\/wp-json\/wp\/v2\/users\/1"}],"replies":[{"embeddable":true,"href":"https:\/\/www.soudures.fr\/index.php\/wp-json\/wp\/v2\/comments?post=1251"}],"version-history":[{"count":32,"href":"https:\/\/www.soudures.fr\/index.php\/wp-json\/wp\/v2\/pages\/1251\/revisions"}],"predecessor-version":[{"id":1829,"href":"https:\/\/www.soudures.fr\/index.php\/wp-json\/wp\/v2\/pages\/1251\/revisions\/1829"}],"wp:attachment":[{"href":"https:\/\/www.soudures.fr\/index.php\/wp-json\/wp\/v2\/media?parent=1251"}],"curies":[{"name":"wp","href":"https:\/\/api.w.org\/{rel}","templated":true}]}}